-2412 + 3542155?
3536443
In base 6, what is -4331511 + -310?
-4332221
In base 5, what is 103001314012 - -2?
103001314014
In base 14, what is -61955 - 64a?
-621a1
In base 10, what is -200 - 33890?
-34090
In base 11, what is -15 + 11907682?
11907668
In base 10, what is 583 + 199592?
200175
In base 14, what is -365 - -18ca7?
18942
In base 2, what is -100 - -10100000000111100101001101001?
10100000000111100101001100101
In base 5, what is -10 - 113221143?
-113221203
In base 10, what is -789 - 41390?
-42179
In base 15, what is -5 - -3134d?
31348
In base 13, what is 0 - -416519?
416519
In base 13, what is 14bb1b7b0 - 1?
14bb1b7ac
In base 15, what is -102 + -1547?
-1649
In base 14, what is 4 - 96cc570?
-96cc56a
In base 3, what is 101220 + -1220020000110?
-1220012121120
In base 6, what is 154222323 - 4?
154222315
In base 5, what is -1 - -3040114034?
3040114033
In base 8, what is -542502673 - 1?
-542502674
In base 15, what is -a534a - 99?
-a53e4
In base 11, what is 1653 - -8a05?
a558
In base 2, what is 101001011110 + -1110101000?
11010110110
In base 15, what is -4b51437b - 1?
-4b51437c
In base 12, what is 2960a615 + 0?
2960a615
In base 16, what is -230eb + -2969?
-25a54
In base 3, what is 22011202202110 - 112?
22011202201221
In base 10, what is -957102 + 2?
-957100
In base 10, what is -2055440 - 7?
-2055447
In base 14, what is -1cc - -a16a?
9d7c
In base 12, what is -11888328 + 1?
-11888327
In base 3, what is 11 + -11212202021?
-11212202010
In base 10, what is 5979293 + 8?
5979301
In base 8, what is -412 - -2063151?
2062537
In base 14, what is 27 - 248d1d6?
-248d1ad
In base 13, what is 19 + -112c97?
-112c7b
In base 11, what is -455a793 + 7?
-455a787
In base 6, what is -504 + 1051310?
1050402
In base 5, what is -123123 - 12240011?
-12413134
In base 2, what is -111100111110110 - -101000111011010?
-10100000011100
In base 2, what is -1111011000001 - -101010000100111?
11010101100110
In base 16, what is 3d375f + -9?
3d3756
In base 9, what is -206121 - 266?
-206387
In base 5, what is 223 - -31032022?
31032300
In base 3, what is 110020121 - -10220?
110101111
In base 4, what is -133211000331 - -2?
-133211000323
In base 10, what is -4 - -10803364?
10803360
In base 13, what is 3 - 333029?
-333026
In base 15, what is -7b - -8d0a?
8c7e
In base 7, what is 3612343 + 235?
3612611
In base 16, what is 142 - 2463?
-2321
In base 12, what is -2 - -2a7ba1?
2a7b9b
In base 14, what is -14252b1 + -4?
-14252b5
In base 4, what is -1011 + 31221310?
31220233
In base 7, what is 1224210234 - -3?
1224210240
In base 12, what is -7 - 7836a0?
-7836a7
In base 4, what is 1202311 - -31202?
1300113
In base 9, what is 41804263 + 4?
41804267
In base 8, what is 3433507140 + 2?
3433507142
In base 2, what is -1011101001010001110000 - 110011111?
-1011101001011000001111
In base 16, what is -46e234 + 3?
-46e231
In base 8, what is -47 + 7635277?
7635230
In base 2, what is 110010100000 - -1000100?
110011100100
In base 9, what is -170500816 - 5?
-170500822
In base 15, what is 937279 - -1a?
937294
In base 15, what is -545c031 + -5?
-545c036
In base 4, what is 313222133020 + -1?
313222133013
In base 6, what is -3225 + 4541523?
4534254
In base 11, what is 9644 + 5?
9649
In base 6, what is -324 + 203540?
203212
In base 14, what is 2 - -38710?
38712
In base 15, what is -788ed2 - 5?
-788ed7
In base 6, what is -125 + -451220213?
-451220342
In base 4, what is 312110220033 - 2?
312110220031
In base 6, what is 5142415 - -2212?
5145031
In base 13, what is -2caa10a + -5?
-2caa112
In base 3, what is 21221110002120 - -20100?
21221110022220
In base 9, what is -85772 - -21366?
-64405
In base 16, what is -103533 + -3?
-103536
In base 15, what is 795eb + 84d?
79e49
In base 3, what is 2200112212001200 - -2?
2200112212001202
In base 9, what is -101847 + 2655?
-88182
In base 4, what is 11023132230102 - -10?
11023132230112
In base 7, what is 42333 - -2216?
44552
In base 16, what is 62 + -2931b4?
-293152
In base 15, what is -190894 + 2?
-190892
In base 8, what is -214147613 + 2?
-214147611
In base 10, what is 953645 + 1?
953646
In base 16, what is 4fe + 1688?
1b86
In base 9, what is 6887413 - -1?
6887414
In base 16, what is 66a7835 - -3?
66a7838
In base 2, what is 11011110 - -111011101011001?
111100000110111
In base 9, what is 2360 + 46182?
48552
In base 15, what is -1 + 1ec1a0?
1ec19e
In base 12, what is -bb01425 + 3?
-bb01422
In base 7, what is -142555 + -4245?
-150133
In base 6, what is -1101042 - -310?
-1100332
In base 4, what is 22121 + -33222?
-11101
In base 7, what is -252112316 + 3?
-252112313
In base 10, what is -5167 - 12209?
-17376
In base 10, what is 295406 + -4?
295402
In base 14, what is 23 + -2715b6?
-271593
In base 2, what is -10100010 - -1001001100000?
1000110111110
In base 10, what is -216265021 + 0?
-216265021
In base 5, what is -4424 + -20334114?
-20344043
In base 7, what is 1134 - -110036?
111203
In base 7, what is 335000 - -123?
335123
In base 7, what is -1251020302 - 1?
-1251020303
In base 4, what is 3 + 101222121131?
101222121200
In base 7, what is -103424204350 - 0?
-103424204350
In base 5, what is -30 - 402014203?
-402014233
In base 2, what is 100000111000111 - -1110111010?
100010110000001
In base 15, what is -53764 + -5c?
-537c1
In base 10, what is -148 - -677868?
677720
In base 2, what is -110000 + -10011001100011110?
-10011001101001110
In base 7, what is 1160326 - -150?
1160506
In base 12, what is 4877 - -99b?
5656
In base 4, what is -2030300231 + 1222?
-2030233003
In base 12, what is 24 + -1ab305?
-1ab2a1
In base 2, what is -10 - -1101000110011010101000?
1101000110011010100110
In base 3, what is -1021122202 + -102201?
-1022002110
In base 8, what is -276 - -21734?
21436
In base 10, what is 259 + 789049?
789308
In base 13, what is b976 - 1598?
a3ab
In base 2, what is -11 + -1110000001011111010010?
-1110000001011111010101
In base 3, what is -120101101212210220 - 10?
-120101101212211000
In base 14, what is 42 - 4ca12?
-4c9b0
In base 9, what is 437 - -780854?
781402
In base 15, what is c99 - -696c?
7716
In base 16, what is -29020 + -6?
-29026
In base 16, what is 4b - -66d8a?
66dd5
In base 11, what is -1190aa7 - -a?
-1190a98
In base 11, what is -12784756 - -5?
-12784751
In base 2, what is -101 + -110010000110101011101?
-110010000110101100010
In base 6, what is -3 + -213134102?
-213134105
In base 3, what is -2211021021202122 + -12?
-2211021021202211
In base 5, what is 13 + -220241?
-220223
In base 2, what is -101 - 1100110100000111100011?
-1100110100000111101000
In base 3, what is 1111021210121 + 212?
1111021211110
In base 15, what is -69 - 1dd96?
-1de10
In base 4, what is -10 + -110210321111?
-110210321121
In base 9, what is -6420 - 72152?
-78572
In base 13, what is 7a211 + -948?
79596
In base 7, what is -11 + 1020040450?
1020040436
In base 8, what is -13362145 + 14?
-13362131
In base 7, what is -1 - -11525501?
11525500
In base 15, what is -4 - -126c9e4e?
126c9e4a
In base 13, what is -5abaa8 - 0?
-5abaa8
In base 2, what is 100 - -1111010010000010000?
1111010010000010100
In base 2, what is -100 + -101110011001101101?
-101110011001110001
In base 6, what is 40422251 - 1?
40422250
In base 9, what is 514 + 14158?
14673
In base 16, what is 11 + -1a4ec?
-1a4db
In base 11, what is -51 + 14301?
14260
In base 5, what is -114200422 + 3?
-114200414
In base 7, what is -4 - 23134656?
-23134663
In base 10, what is -6 - 11862777?
-11862783
In base 16, what is -8c3ba6 - -2?
-8c3ba4
In base 11, what is 1a6a15 - 1a6?
1a681a
In base 4, what is -11333230 - -2003113?
-3330111
In base 8, what is -6 - -375757271?
375757263
In base 5, what is -34 + 21222221204?
21222221120
In base 13, what is 2 - 145876?
-145874
In base 12, what is 2416 - -114?
252a
In base 12, what is 43a11b8 - -3?
43a11bb
In base 14, what is 34b - 2056b?
-20220
In base 5, what is 2033301202433 - -10?
2033301202443
In base 4, what is 2100033100030 + 11?
2100033100101
In base 3, what is -1121100 + -1022010?
-2220110
In base 4, what is -11 + -222311132132?
-222311132203
In base 15, what is -2d1db64 - 0?
-2d1db64
In base 12, what is -3a1b97 + 125?
-3a1a72
In base 7, what is 15042106 + 110?
15042216
In base 2, what is 101 + 101111111000001101010000000?
101111111000001101010000101
In base 10, what is -185 + 445?
260
In base 16, what is 8 + e149e?
e14a6
In base